{"id":2365,"date":"2021-10-06T18:03:15","date_gmt":"2021-10-06T15:03:15","guid":{"rendered":"https:\/\/eky-ry.dyndns.org\/index.php\/alumnitoiminta"},"modified":"2024-02-26T22:48:36","modified_gmt":"2024-02-26T20:48:36","slug":"alumnitoiminta","status":"publish","type":"page","link":"https:\/\/eky-ry.dyndns.org\/index.php\/alumnitoiminta","title":{"rendered":"Kannatusj\u00e4seneksi?"},"content":{"rendered":"<div data-colibri-id=\"2365-c1\" class=\"style-1400 style-local-2365-c1 position-relative\">\n  <!---->\n  <div data-colibri-component=\"section\" data-colibri-id=\"2365-c2\" id=\"custom\" class=\"h-section h-section-global-spacing d-flex align-items-lg-center align-items-md-center align-items-center style-1401 style-local-2365-c2 position-relative\">\n    <!---->\n    <!---->\n    <div class=\"h-section-grid-container h-section-boxed-container\">\n      <!---->\n      <div data-colibri-id=\"2365-c3\" class=\"h-row-container gutters-row-lg-2 gutters-row-md-2 gutters-row-0 gutters-row-v-lg-2 gutters-row-v-md-2 gutters-row-v-2 style-1402 style-local-2365-c3 position-relative\">\n        <!---->\n        <div class=\"h-row justify-content-lg-center justify-content-md-center justify-content-center align-items-lg-stretch align-items-md-stretch align-items-stretch gutters-col-lg-2 gutters-col-md-2 gutters-col-0 gutters-col-v-lg-2 gutters-col-v-md-2 gutters-col-v-2\">\n          <!---->\n          <div class=\"h-column h-column-container d-flex h-col-lg-auto h-col-md-auto h-col-auto style-1403-outer style-local-2365-c4-outer\">\n            <div data-colibri-id=\"2365-c4\" class=\"d-flex h-flex-basis h-column__inner h-px-lg-2 h-px-md-2 h-px-2 v-inner-lg-2 v-inner-md-2 v-inner-2 style-1403 style-local-2365-c4 position-relative\">\n              <!---->\n              <!---->\n              <div class=\"w-100 h-y-container h-column__content h-column__v-align flex-basis-100 align-self-lg-start align-self-md-start align-self-start\">\n                <!---->\n                <div data-colibri-id=\"2365-c5\" class=\"h-text h-text-component style-1404 style-local-2365-c5 position-relative h-element\">\n                  <!---->\n                  <!---->\n                  <div class=\"\">\n                    <p>Haluasitko ett\u00e4 ekyl\u00e4isyytesi olisi ikuista? Kiinnostaako opiskelijoiden ajankohtaiset kuulumiset?<\/p>\n                    <p>Kannatusj\u00e4senet mahdollistavat EKY:n monipuolista toimintaa kannatusj\u00e4senmaksullaan. Kannatusj\u00e4senyyden tarkoitus on my\u00f6s tiivist\u00e4\u00e4 ekyl\u00e4isten ja EKY:n l\u00e4heisyydess\u00e4 toimivien henkil\u00f6iden suhteita. Esimerkiksi alumnit ovat arvokkaita\n                      perinteiden tuntijoita, ja parhaimmillaan edesauttavat arvokkaiden perinteiden s\u00e4ilytt\u00e4misess\u00e4.<\/p>\n                    <p>Kannatusj\u00e4seneksi voi liitty\u00e4 alumnit, EKY:n sidosryhmiin kuuluvat henkil\u00f6t\/yritykset sek\u00e4 tiedekunnan ty\u00f6ntekij\u00e4t. EKY:n tavoitteissa on parantaa kannatusj\u00e4sentoimintaa ja ideoita\/toiveita kuullaan mielell\u00e4\u00e4n.<\/p>\n                    <p>EKY:n kannatusj\u00e4senten edut ovat:<\/p>\n                    <ul>\n                      <li>Yhdistyksen perinteinen Epiglottis\u2013lehti nelj\u00e4 kertaa vuodessa postitettuna kotiisi tai yrityksen tiloihin<\/li>\n                      <li>Mahdollisuus ilmoittaa ty\u00f6paikoista, sijaisuuksista yms. EKY:n s\u00e4hk\u00f6postilistalla (t\u00e4ll\u00e4 tavoin tavoitat kaikki EKY:n j\u00e4senet eli l\u00e4hes jokaisen el\u00e4inl\u00e4\u00e4ketieteen opiskelijan)<\/li>\n                      <li>EKY:n tapahtumiin (esim. vuosijuhliin) osallistuminen ekyl\u00e4isen hinnalla<\/li>\n                      <li>Mahdollisuus osallistua EKY:n liikuntavuorolle<\/li>\n                      <li>Alennusta (15%) mainostaessasi Epiglottiksessa<\/li>\n                      <li>Mahdollisuus liitty\u00e4 EKY:n facebook-ryhmiin (El\u00e4inl\u00e4\u00e4ketieteen kandidaattiyhdistys EKY ry ja EKY-tori) HUOM! vain j\u00e4senmaksun maksaneille!Vuoden 2021 kannatusj\u00e4senmaksu on 50 \u20ac. Mik\u00e4li haluat liitty\u00e4 kannatusj\u00e4seneksi, olethan yhteydess\u00e4\n                        s\u00e4hk\u00f6postilla eky-hallitus(a)helsinki.fi<\/li>\n                    <\/ul>\n                    <p>\n                      <br>\n                    <\/p>\n                  <\/div>\n                <\/div>\n              <\/div>\n            <\/div>\n          <\/div>\n        <\/div>\n      <\/div>\n    <\/div>\n  <\/div>\n<\/div>","protected":false},"excerpt":{"rendered":"<p>Haluasitko ett\u00e4 ekyl\u00e4isyytesi olisi ikuista? Kiinnostaako opiskelijoiden ajankohtaiset kuulumiset? Kannatusj\u00e4senet mahdollistavat EKY:n monipuolista toimintaa kannatusj\u00e4senmaksullaan. Kannatusj\u00e4senyyden tarkoitus on my\u00f6s tiivist\u00e4\u00e4 ekyl\u00e4isten ja EKY:n l\u00e4heisyydess\u00e4 toimivien henkil\u00f6iden suhteita. Esimerkiksi alumnit ovat arvokkaita perinteiden tuntijoita, ja parhaimmillaan edesauttavat arvokkaiden perinteiden s\u00e4ilytt\u00e4misess\u00e4. Kannatusj\u00e4seneksi voi liitty\u00e4 alumnit, EKY:n sidosryhmiin kuuluvat henkil\u00f6t\/yritykset sek\u00e4 tiedekunnan ty\u00f6ntekij\u00e4t. EKY:n tavoitteissa on parantaa kannatusj\u00e4sentoimintaa [&hellip;]<\/p>\n","protected":false},"author":1,"featured_media":0,"parent":0,"menu_order":0,"comment_status":"closed","ping_status":"closed","template":"page-templates\/full-width-page.php","meta":{"footnotes":""},"class_list":["post-2365","page","type-page","status-publish","hentry"],"_links":{"self":[{"href":"https:\/\/eky-ry.dyndns.org\/index.php\/wp-json\/wp\/v2\/pages\/2365","targetHints":{"allow":["GET"]}}],"collection":[{"href":"https:\/\/eky-ry.dyndns.org\/index.php\/wp-json\/wp\/v2\/pages"}],"about":[{"href":"https:\/\/eky-ry.dyndns.org\/index.php\/wp-json\/wp\/v2\/types\/page"}],"author":[{"embeddable":true,"href":"https:\/\/eky-ry.dyndns.org\/index.php\/wp-json\/wp\/v2\/users\/1"}],"replies":[{"embeddable":true,"href":"https:\/\/eky-ry.dyndns.org\/index.php\/wp-json\/wp\/v2\/comments?post=2365"}],"version-history":[{"count":15,"href":"https:\/\/eky-ry.dyndns.org\/index.php\/wp-json\/wp\/v2\/pages\/2365\/revisions"}],"predecessor-version":[{"id":4639,"href":"https:\/\/eky-ry.dyndns.org\/index.php\/wp-json\/wp\/v2\/pages\/2365\/revisions\/4639"}],"wp:attachment":[{"href":"https:\/\/eky-ry.dyndns.org\/index.php\/wp-json\/wp\/v2\/media?parent=2365"}],"curies":[{"name":"wp","href":"https:\/\/api.w.org\/{rel}","templated":true}]}}